15.
5, 83
List the prime factors of 1361.
1361
List the prime factors of 136.
2, 17
What are the prime factors of 280?
2, 5, 7
List the prime factors of 803.
11, 73
List the prime factors of 2811.
3, 937
List the prime factors of 1417.
13, 109
What are the prime factors of 6018?
2, 3, 17, 59
What are the prime factors of 10393?
19, 547
List the prime factors of 1266.
2, 3, 211
What are the prime factors of 18851?
7, 2693
What are the prime factors of 64401?
3, 21467
List the prime factors of 16592.
2, 17, 61
List the prime factors of 4229.
4229
What are the prime factors of 3337?
47, 71
List the prime factors of 58516.
2, 14629
List the prime factors of 4496.
2, 281
What are the prime factors of 19939?
127, 157
What are the prime factors of 14395?
5, 2879
What are the prime factors of 9017?
71, 127
List the prime factors of 14393.
37, 389
List the prime factors of 196.
2, 7
What are the prime factors of 1088?
2, 17
What are the prime factors of 4081?
7, 11, 53
List the prime factors of 534.
2, 3, 89
What are the prime factors of 1365?
3, 5, 7, 13
What are the prime factors of 105572?
2, 26393
What are the prime factors of 24644?
2, 61, 101
List the prime factors of 5305.
5, 1061
What are the prime factors of 2642?
2, 1321
What are the prime factors of 2524?
2, 631
List the prime factors of 535.
5, 107
What are the prime factors of 8417?
19, 443
What are the prime factors of 7516?
2, 1879
What are the prime factors of 5155?
5, 1031
List the prime factors of 13737.
3, 19, 241
List the prime factors of 73130.
2, 5, 71, 103
What are the prime factors of 65801?
29, 2269
List the prime factors of 3504.
2, 3, 73
What are the prime factors of 23729?
61, 389
What are the prime factors of 21806?
2, 10903
What are the prime factors of 94522?
2, 167, 283
List the prime factors of 2021.
43, 47
List the prime factors of 188.
2, 47
List the prime factors of 388.
2, 97
List the prime factors of 1090.
2, 5, 109
What are the prime factors of 43573?
43573
List the prime factors of 18261.
3, 2029
What are the prime factors of 13383?
3, 1487
What are the prime factors of 479?
479
What are the prime factors of 196?
2, 7
What are the prime factors of 3936?
2, 3, 41
What are the prime factors of 3097?
19, 163
What are the prime factors of 491?
491
List the prime factors of 47119.
47119
List the prime factors of 1091.
1091
What are the prime factors of 13551?
3, 4517
What are the prime factors of 257?
257
What are the prime factors of 8007?
3, 17, 157
What are the prime factors of 408?
2, 3, 17
What are the prime factors of 453?
3, 151
What are the prime factors of 3500?
2, 5, 7
List the prime factors of 25641.
3, 7, 11, 37
What are the prime factors of 9155?
5, 1831
List the prime factors of 6421.
6421
List the prime factors of 390.
2, 3, 5, 13
What are the prime factors of 5314?
2, 2657
What are the prime factors of 1495?
5, 13, 23
List the prime factors of 30169.
30169
List the prime factors of 782.
2, 17, 23
List the prime factors of 4790.
2, 5, 479
What are the prime factors of 1707?
3, 569
What are the prime factors of 4882?
2, 2441
List the prime factors of 9405.
3, 5, 11, 19
What are the prime factors of 23751?
3, 7, 13, 29
List the prime factors of 1597.
1597
What are the prime factors of 3627?
3, 13, 31
What are the prime factors of 8697?
3, 13, 223
List the prime factors of 28243.
61, 463
What are the prime factors of 95397?
3, 31799
What are the prime factors of 10453?
10453
What are the prime factors of 16937?
16937
List the prime factors of 52740.
2, 3, 5, 293
List the prime factors of 16406.
2, 13, 631
What are the prime factors of 22673?
7, 41, 79
List the prime factors of 20262.
2, 3, 11, 307
List the prime factors of 1692.
2, 3, 47
What are the prime factors of 3271?
3271
List the prime factors of 1575.
3, 5, 7
What are the prime factors of 4347?
3, 7, 23
What are the prime factors of 18379?
18379
List the prime factors of 171.
3, 19
List the prime factors of 12240.
2, 3, 5, 17
What are the prime factors of 25907?
7, 3701
List the prime factors of 632.
2, 79
List the prime factors of 59192.
2, 7, 151
List the prime factors of 168655.
5, 89, 379
List the prime factors of 77384.
2, 17, 569
List the prime factors of 621.
3, 23
What are the prime factors of 31304?
2, 7, 13, 43
What are the prime factors of 29337?
3, 7, 11, 127
List the prime factors of 2992.
2, 11, 17
List the prime factors of 111242.
2, 55621
List the prime factors of 268.
2, 67
List the prime factors of 2420.
2, 5, 11
List the prime factors of 5739.
3, 1913
List the prime factors of 1027.
13, 79
What are the prime factors of 206?
2, 103
List the prime factors of 6329.
6329
What are the prime factors of 6818?
2, 7, 487
List the prime factors of 824.
2, 103
List the prime factors of 9029.
9029
What are the prime factors of 584?
2, 73
List the prime factors of 12425.
5, 7, 71
What are the prime factors of 3140?
2, 5, 157
What are the prime factors of 162?
2, 3
List the prime factors of 171.
3, 19
List the prime factors of 1186.
2, 593
What are the prime factors of 13005?
3, 5, 17
What are the prime factors of 25845?
3, 5, 1723
What are the prime factors of 1253?
7, 179
What are the prime factors of 1128?
2, 3, 47
What are the prime factors of 81380?
2, 5, 13, 313
What are the prime factors of 5081?
5081
What are the prime factors of 1747?
1747
List the prime factors of 23269.
23269
List the prime factors of 787.
787
List the prime factors of 50094.
2, 3, 11, 23
What are the prime factors of 9164?
2, 29, 79
List the prime factors of 83388.
2, 3, 6949
What are the prime factors of 2988?
2, 3, 83
List the prime factors of 1082.
2, 541
What are the prime factors of 321?
3, 107
List the prime factors of 69601.
7, 61, 163
What are the prime factors of 10345?
5, 2069
What are the prime factors of 894?
2, 3, 149
What are the prime factors of 78548?
2, 73, 269
What are the prime factors of 933?
3, 311
List the prime factors of 16687.
11, 37, 41
What are the prime factors of 9349?
9349
List the prime factors of 1054.
2, 17, 31
What are the prime factors of 6298?
2, 47, 67
List the prime factors of 5661.
3, 17, 37
What are the prime factors of 1059?
3, 353
List the prime factors of 1349.
19, 71
List the prime factors of 30329.
13, 2333
What are the prime factors of 200?
2, 5
What are the prime factors of 566?
2, 283
List the prime factors of 13569.
3, 4523
List the prime factors of 44693.
11, 17, 239
What are the prime factors of 44874?
2, 3, 277
What are the prime factors of 21019?
21019
List the prime factors of 15205.
5, 3041
What are the prime factors of 1321?
1321
What are the prime factors of 562?
2, 281
What are the prime factors of 22943?
22943
List the prime factors of 1356.
2, 3, 113
List the prime factors of 995.
5, 199
List the prime factors of 1247.
29, 43
What are the prime factors of 16069?
16069
What are the prime factors of 358?
2, 179
What are the prime factors of 115?
5, 23
List the prime factors of 2775.
3, 5, 37
What are the prime factors of 3688?
2, 461
What are the prime factors of 134036?
2, 7, 4787
What are the prime factors of 5309?
5309
List the prime factors of 1900.
2, 5, 19
List the prime factors of 4570.
2, 5, 457
List the prime factors of 42893.
59, 727
What are the prime factors of 26599?
67, 397
What are the prime factors of 63284?
2, 13, 1217
List the prime factors of 8103.
3, 37, 73
List the prime factors of 73908.
2, 3, 2053
List the prime factors of 56469.
3, 7, 2689
What are the prime factors of 90447?
3, 7, 59, 73
What are the prime factors of 13247?
13, 1019
What are the prime factors of 27588?
2, 3, 11, 19
What are the prime factors of 563?
563
What are the prime factors of 1370?
2, 5, 137
What are the prime factors of 37574?
2, 18787
What are the prime factors of 4874?
2, 2437
List the prime factors of 260.
2, 5, 13
List the prime factors of 35281.
35281
What are the prime factors of 138420?
2, 3, 5, 769
List the prime factors of 44.
2, 11
What are the prime factors of 54324?
2, 3, 503
What are the prime factors of 81502?
2, 40751
List the prime factors of 7184.
2, 449
List the prime factors of 755.
5, 151
List the prime factors of 2139.
3, 23, 31
What are the prime factors of 399?
3, 7, 19
List the prime factors of 32893.
7, 37, 127
What are the prime